 96 = 0. What is the remainder when 47 is divided by d?
23
Let z = 23 - 13. Calculate the remainder when z is divided by 6/7 - 165/(-77).
1
Suppose 0 = 5*x - 20, -x = -j + 4*x + 102. Calculate the remainder when j is divided by 57.
8
Suppose 882 = q - 5*o, -q + 4384 = 4*q + o. Calculate the remainder when q is divided by 16.
13
Suppose 2*b + q = 82, 0*q - 80 = -2*b - 2*q. Suppose -u - 52 = -3*o + 129, -o + 63 = -3*u. Let j = o - 45. Calculate the remainder when b is divided by j.
12
Let g = -1 - -1. Let y(i) = 341*i + 3*i**2 + 5 - 340*i - 4*i**2 + i**3. Calculate the remainder when y(g) is divided by 3.
2
Let z = 77 - 75. Suppose -3*b = b - 2*v - 180, 2*v = z*b - 90. What is the remainder when b is divided by 26?
19
Let z = -66 - -143. Let s(g) = -g**2 - 4*g + 6. Let k be s(-4). Suppose -5*l - 13 = -n, -3*l - 33 = -3*n + k. Calculate the remainder when z is divided by n.
12
Suppose -3*a - 4*f = -3, -a + 4*f + 28 = 11. What is the remainder when 17 is divided by a?
2
Suppose 3*n - 19 = -3*k - 490, 2*n = 4*k + 628. Let g = -72 - k. Let z = -48 + g. What is the remainder when z is divided by 13?
11
Let f(z) = -26*z - 77. What is the remainder when 52 is divided by f(-4)?
25
Let a = 299 + -212. Calculate the remainder when a is divided by 9.
6
Let z(g) = -g**3 + 7*g**2 - 6*g + 12. Suppose -i + 4 = -2. What is the remainder when 83 is divided by z(i)?
11
What is the remainder when 50 is divided by (-1862)/(-245) + (-3)/((-30)/4)?
2
Calculate the remainder when 63 is divided by 28 - (24/10)/(2/5).
19
Let g = 835 + -531. What is the remainder when g is divided by 17?
15
Let s(k) = 4*k**3 + 1. Let w be s(1). Let y be (-24)/(-10) - (-3)/w. Suppose y*m - 18 = -3. What is the remainder when 7 is divided by m?
2
Let z(l) = 9*l - 21. Let o be z(8). Calculate the remainder when 140 is divided by 669/o + 4/(-34).
10
Let x(c) = -c**3 - 6*c**2 - 3*c + 5. Let v be x(-6). Let s = 17 + v. Let k = 44 - 23. Calculate the remainder when s is divided by k.
19
Let c = 72 + -52. What is the remainder when 45 is divided by c?
5
Suppose -l + 7*l = 0. Suppose -2*q - x + 29 = 0, 4*q + 4*x - 37 - 15 = l. What is the remainder when 30 is divided by q?
14
Let s = 11 - -2. What is the remainder when 40/1 + 4/(4/(-3)) is divided by s?
11
Let x(w) = -w**2 - 7*w + 6. Let b be x(-8). Let y(h) = h**2 + 3*h + 3. Let g be y(b). Calculate the remainder when g/(2/61)*2 is divided by 16.
13
Suppose 0 = 197*l - 199*l + 178. What is the remainder when l is divided by 32?
25
Suppose -4*w = -b + 132, -5*w + 118 = b - 2*w. Suppose 6*r + b = 10*r. What is the remainder when 92 is divided by r?
30
Let i(l) = l**2 - 6*l - 8. Suppose 16 = z + 3*z. Suppose 5*n + 3*v = -0*v + 61, 3*n - z*v - 25 = 0. What is the remainder when i(n) is divided by 16?
15
Suppose -6*i + 1130 = -i. Suppose -30*k + 10*k = -760. What is the remainder when i is divided by k?
36
Calculate the remainder when (-2*6/18)/(2/(-183)) is divided by 13.
9
Let p be 16*((-6)/4 - 3). Let q be 4 - (-18 + -1)*-1. Calculate the remainder when 69 is divided by ((-5)/(q/p))/(-1).
21
Calculate the remainder when 247 is divided by 6/(-8)*(-8060)/93.
52
Let a be (4/(-26) - 8/(-52))*1. Suppose 5*b - 20 = a, -5*b = -5*t + 333 + 82. What is the remainder when t is divided by 10?
7
Suppose 0 = 2*p - z - 76, 5*z + 124 = 3*p + 17. What is the remainder when (5 - (11 - 7)) + 114 is divided by p?
37
Let a(g) = 2*g**3 - 73*g**2 - 34*g - 79. What is the remainder when 124 is divided by a(37)?
28
Let z = 56 + -111. Let u = -43 - z. Calculate the remainder when 47 is divided by u.
11
Let m = 337 - 301. What is the remainder when m is divided by 4?
0
Let w(a) = -a**2 - 1. Let f be w(0). Suppose 6*g = 5*g - 9. Calculate the remainder when g/(-3) + (f - -72) is divided by 19.
17
What is the remainder when 170 is divided by (108/9 - 5)*5?
30
Let n(x) = -x**2 + 6*x + 68. Calculate the remainder when 75 is divided by n(11).
10
What is the remainder when 649 is divided by 4754/22 + -2*(-7)/(-154)?
1
Suppose -4*r = 5*g - 1385, -2*r + 194 + 500 = 2*g. Calculate the remainder when r is divided by 71.
66
Suppose 3549 = 8*v - 4715. What is the remainder when v is divided by 11?
10
Suppose 21 - 6 = 5*a. Suppose f + x = -a*x, 3*f - 4*x = 0. Suppose 3*d + f*d - 249 = 0. Calculate the remainder when d is divided by 21.
20
Let l(d) = -d**2 - 7*d - 10. Let y be l(-2). Suppose -7*q + 139 + 50 = y. What is the remainder when 100 is divided by q?
19
Suppose -25 = 4*x + 5*c, -5*c - 12 = -2*x + 13. Let h be x + (-1)/(-1) + 2. Suppose h*g = 7*g - 64. Calculate the remainder when 29 is divided by g.
13
Let h(y) = y**3 - 17*y**2 - 80*y - 25. What is the remainder when 646 is divided by h(21)?
56
Suppose 132*d - 138*d = -450. Calculate the remainder when d is divided by 30.
15
Suppose 10*l = 26*l - 480. What is the remainder when 176 is divided by l?
26
Let a = 61 + -9. Suppose -8*o + a = -4*o. What is the remainder when 25 is divided by o?
12
Let p = -971 + 1008. What is the remainder when p is divided by 31?
6
Suppose -277*f = -268*f - 918. What is the remainder when f is divided by 47?
8
Let m(t) = -t**3 + 5*t**2 + 3*t - 5. Let y be m(5). What is the remainder when 27 is divided by ((-15)/y)/(-3) + (-18)/(-4)?
2
Suppose 0 = -2*r + 5*l + 89, 15 = l + 4*l. Suppose -2*z = 2*y - r, -z + 5*y = -3*z + 61. Calculate the remainder when 4/12*(0 - 1)*-132 is divided by z.
21
Let n be (-35)/(-6) + (-2)/(-12). Suppose -n*f + 148 = 40. What is the remainder when 88 is divided by f?
16
Let w(y) = -2*y**2 - 37*y + 70. Calculate the remainder when w(-17) is divided by 14.
9
Suppose 2*q - 238 - 107 = 5*k, 0 = 3*q - 15. Let l = k + 39. Calculate the remainder when 2/4 - l/8 is divided by 2.
0
Suppose -189 = -6*x + 387. What is the remainder when x is divided by 9?
6
Let t = 46 - 44. Calculate the remainder when 83 is divided by 5 + t + 13 + 1.
20
Let d = 726 + -644. Let j = -2 + 4. Let m(u) = 4*u**3 - 2*u**2 - u - 1. What is the remainder when d is divided by m(j)?
19
Let c(d) = -d**2 + 8*d + 13. Let b be c(9). Suppose 0 = -j - b + 5. Suppose -5*t + 2 = -v - j, 4 = v + 2*t. What is the remainder when 2 is divided by v?
0
Suppose 1245 = -3*q + 1620. What is the remainder when q is divided by 39?
8
Calculate the remainder when 800/(-2)*((-30)/4)/15 is divided by 69.
62
Let t be ((-6)/(-9)*9)/(5 - 3). Let r(y) = 2*y**2 + 6. What is the remainder when r(t) is divided by 13?
11
Suppose -3*m + 0*m = 0. Suppose -n = -4*x + 26, m = -2*x - n + 6*n + 4. What is the remainder when 39 is divided by x?
4
Let z = -774 - -539. Suppose -2*i - 4*n = -744, i + 6*n - 5*n - 370 = 0. Let k = i + z. Calculate the remainder when k is divided by 34.
31
Let s = 18 + -7. Suppose 6*m - 1 - s = 0. Suppose 0*b + 12 = m*b. Calculate the remainder when b is divided by 5.
1
Let z(q) = -248*q - 558. Calculate the remainder when z(-9) is divided by 39.
36
Let j be (1 + (4 - 2))*(-939)/(-9). Suppose -7*i + 37 = -j. Calculate the remainder when i is divided by 13.
11
Suppose 37*t - 33*t = -u + 142, -5*u - 25 = -t. Suppose -2*j = -4*w + w + 20, 36 = -3*j + 3*w. Let b = t + j. Calculate the remainder when 36 is divided by b.
17
Suppose -2*k - 3 = -71. What is the remainder when 53 is divided by k?
19
Suppose -10*y = 220 - 3330. Calculate the remainder when y is divided by 61.
6
Let i = -45 - -49. Suppose i*m = 6*m - 24. Suppose -5*c = 5*k - 20, -c + 9 = -6*k + 2*k. Calculate the remainder when m is divided by c.
2
Let n be (-2)/10 + 546/105. Suppose 4*v = 6*v - n*t - 78, 0 = -t. What is the remainder when 110 is divided by v?
32
Let p(i) = i**3 + 17*i**2 + 16*i + 5. Let j be p(-16). Suppose 0 - 2 = 2*v. Let n = j + v. Calculate the remainder when n is divided by 2.
0
Let j(o) = -2*o - 32. What is the remainder when 89 is divided by j(-23)?
5
Let x = 17 - 6. Let u(q) = -x*q + 32 - 8*q + 5 + 18*q. Calculate the remainder when u(0) is divided by 20.
17
Let k be (-34)/(-7) + (-10)/(-70). Suppose -7*u + 48 = -k*u. Calculate the remainder when 45 is divided by u.
21
Calculate the remainder when 137 is divided by ((-70)/4)/(13/(-8 + -18)).
32
Let k be (-2)/(-4) + (-516)/24. Let u = k - -25. Let l = 48 + u. What is the remainder when l is divided by 18?
16
Let d = 69 + -48. What is the remainder when 58 is divided by d?
16
Let v = 114